 -g**3 + 8*g**2 + 8*g + 10. Suppose -12*t + 96 = -12. Give a(t).
1
Suppose -4*b + b + 12 = 0. Suppose 31 - 6 = -5*m, 3*u + b = -2*m. Let a(q) = -4*q - q**u + 5 - 5. Determine a(-3).
3
Let a = -31/7 - -121/21. Let i(z) be the second derivative of -1/12*z**4 + 0 - 7/2*z**2 - a*z**3 + 2*z. Determine i(-5).
8
Let w(y) = 4 - y + y + 4*y. Let n(r) = -r - 1. Let x(a) = -3*n(a) - w(a). Determine x(0).
-1
Let i be 2/(-6) + 99/(-27). Let h(b) = b - 2. Calculate h(i).
-6
Let w(u) = 7*u**2 + 1. Let f(x) = x**3 + 11*x**2 + 10*x. Let t be f(-10). Suppose -y - 3 + 5 = t. Let g = y - 1. Calculate w(g).
8
Let n(f) = f**2 - 3*f + 8. Let s be -5*1*(-4)/(-10). Let h = 3 - s. Let t(o) = -1. Let w(d) = h*t(d) + n(d). Calculate w(3).
3
Let r(z) = -14*z**2 + 20*z - 5. Let d(m) = 5*m**2 - 7*m + 2. Let n(l) = -17*d(l) - 6*r(l). Calculate n(-3).
-10
Let j(y) = -y + 0 - 5 + 5 + 2. Suppose 2*d = -2*n + 16, -4*d = -n - 3*d + 2. What is j(n)?
-3
Let v(w) = 1 + 0*w - w**2 + 2*w**3 + 2*w - 3*w**3. Let g = 0 + 2. Calculate v(g).
-7
Let m(f) = 6*f - 1 + 3*f**2 + 5 - 1 - 2*f**2. What is m(-5)?
-2
Let s(r) be the third derivative of r**4/12 - r**3 - 2*r**2. Let x be ((-15)/(-9))/((-2)/(-6)). Calculate s(x).
4
Let h be (-1 + -3)/8*(-7 + -5). Let w(g) = -g**2 + 7*g + 3. What is w(h)?
9
Let f(c) = -c**3 + c + 2. Let k(j) = -j**3 + j + 3. Let n(d) = -5*f(d) + 4*k(d). Let m be ((-12)/(-16))/(3/8). Determine n(m).
8
Let p(t) be the second derivative of 1/3*t**4 - 3/2*t**2 + 2*t + 1/20*t**5 + 1/3*t**3 + 0. What is p(-3)?
0
Let s(n) be the third derivative of n**5/60 + n**4/6 + n**3/6 + 3*n**2. Let b = -13 + 8. Calculate s(b).
6
Let n(g) = -g - 3. Let x be n(-7). Let y = 5 - x. Let k(f) be the second derivative of f**4/12 + f**3/6 - f**2/2 - f. Determine k(y).
1
Let a(n) = n**3 - n**2 - 3*n + 1. Let r be a(2). Let g(i) = -2*i - i - 2*i. What is g(r)?
5
Suppose -4*r - 19 = -3*r + 5*g, r = g + 5. Let b(w) = -7*w**2 + 2*w - 1. Calculate b(r).
-6
Let z(c) = -c**2 - 6*c + 6. Suppose -2*m - 13 = k, 2*k - 3 = 3*m - 2*k. What is z(m)?
11
Let m(x) = -x**3 - 114 - 111 + 228 - 2*x + 4*x**2. Suppose 4 = -3*a + 4*a. Calculate m(a).
-5
Suppose 17*y + y - 36 = 0. Let i(o) = o**3 + 3*o**2 - 2. Calculate i(y).
18
Let u(c) = c + 1. Let p(r) be the second derivative of r**4/12 - 2*r. Let k be p(-2). Determine u(k).
5
Let z(w) = w**2 + 6*w + 5. Suppose 2*x = -x + 24. Suppose x = -2*o - 4. Calculate z(o).
5
Let l(o) = 5*o - 1. Let a(h) = 3*h - 6. Let i be a(4). Suppose r + 45 = i*r. Let g be ((-4)/6)/(6/r). What is l(g)?
-6
Let z(j) = -j**2 - 4*j - 3. Let i(o) = -o. Let y(l) = 3*i(l) + z(l). Determine y(-6).
3
Let y(x) = x**2 + 9*x + 6. Suppose 0 = -3*w, 0 = -q + 5*w - 0*w. Suppose q = -4*d + 2*d - 8. What is y(d)?
-14
Let m(a) = 2*a**3 - 2*a**2 + 3*a. Let z(w) = -3*w**3 + 3*w**2 - 4*w. Let i(j) = -4*m(j) - 3*z(j). Calculate i(0).
0
Let z(q) be the third derivative of q**5/60 - q**4/24 - q**3/3 + 3*q**2. Let l(v) be the first derivative of z(v). Determine l(-1).
-3
Suppose 5*z = 7 + 3. Let d(x) = -5*x + 4 + 4*x - 2. Determine d(z).
0
Let x(q) be the third derivative of q**4/4 - 2*q**2. Suppose -5 + 29 = 2*p. Let v = 13 - p. What is x(v)?
6
Let f(h) be the third derivative of h**4/12 - h**3/2 - 18*h**2. What is f(7)?
11
Let c = 8 + -4. Let s be (2/4)/(2/16). Let g(o) = -3*o**2 - 9*o + 2. Let w(k) = -4*k**2 - 10*k + 2. Let f(l) = s*w(l) - 5*g(l). Give f(c).
2
Let v = -31 + 43. Suppose 4*y + 0 = v. Let a(o) = y*o - o - 4*o + 0 - 3. Calculate a(-4).
5
Suppose 5*k + 12 = -v, -3*v + 18 - 6 = -k. Let l(z) = -z**3 - 3*z**2 - 2*z - 1. Calculate l(k).
5
Let k(x) = 19*x**3 - 8*x**2 + 1. Let j(i) = -38*i**3 + 15*i**2 - 2. Let o(n) = -6*j(n) - 11*k(n). Give o(-1).
-20
Let t(w) = w - 2 + 0 + 2 - 5. Determine t(7).
2
Suppose -5*y - 3 = j, -5*j = -y - 0*y + 15. Let v(a) = a + y - a**2 + 3 - 5 - 2*a. Determine v(-2).
-4
Let a(u) = -28*u + 10. Let q(w) = -9*w + 3. Let x(b) = -3*a(b) + 10*q(b). Calculate x(-1).
6
Let a(l) = 8 - 4*l + l - l**3 - 5*l**2 - 2*l**2. Calculate a(-6).
-10
Let b(k) = -3*k + 2. Let z(r) = 7*r - 3. Suppose 3*u - 9 = 12. Let f(y) = u*b(y) + 4*z(y). What is f(-2)?
-12
Let n(i) = 22*i - 4. Let p(h) = -7*h + 1. Let g(m) = 3*n(m) + 10*p(m). Determine g(2).
-10
Let m(b) = b**2 + 3*b. Let j(u) = -1. Let o(w) = -3*j(w) - m(w). Give o(-3).
3
Let l(w) = w**3. Let n be 420/49 - (-4)/(-7). Let k be 1/n - (-15)/8. What is l(k)?
8
Let o(b) be the third derivative of 1/60*b**5 + 0 + 1/4*b**4 + 1/3*b**3 + 3*b**2 + 0*b. Determine o(-3).
-7
Let i(a) = 2*a + 1. Let s(z) = -10*z - 6. Let g(v) = 11*i(v) + 2*s(v). What is g(-5)?
-11
Let w be (-6)/(-27)*3*-3. Let c(t) = -t**3 - t**2 - t - 1. Let v(i) = -3*i**3 - 5*i**2 - 2*i. Let x(l) = -2*c(l) + v(l). Give x(w).
-2
Let b(j) = -j**2 - 3*j + 1. Suppose 2*h = -2*p + 16, 0 = 3*h - p + 5 - 25. Let s(a) = 2*a**2 + 7*a - 2. Let r(m) = h*b(m) + 3*s(m). Calculate r(-2).
-3
Let b(r) = 4*r - 7. Let v(h) = -h + 1. Suppose -3*u + 1 = 13. Let l(f) = -f + 4. Let c(t) = u*v(t) - l(t). Let m(o) = -6*b(o) + 5*c(o). Determine m(-2).
0
Let y(x) = x**3 - 3*x**2 - 3*x - 2. Suppose -5 = -3*r + w, 5*r = 2*w + 2*w + 6. Suppose -r*f - 5*h = -0*h + 8, -2*f - 3*h = 8. Let l = f + 8. Determine y(l).
2
Let z(r) = r**3 - 3*r**2 + 2*r + 1. Let m be z(2). Suppose 1 = -j + 2*y - y, y - m = -5*j. Let g(d) = 4*d + j*d**2 - d**2 + 6 + 0*d**2. What is g(5)?
1
Let a be 6/(-21)*(-28)/24. Let j(y) be the first derivative of -a*y**3 + 3 + 5*y + 5/2*y**2. Give j(4).
9
Suppose -4*m - 2*q - q = -40, -2*q = 0. Let k = -5 + m. Let a(w) = 1 + k*w**2 - 3*w**3 + 4*w**3 + 3*w + 0*w**2. What is a(-4)?
5
Let g(o) = -12*o. Suppose -5*h - 3*q = 20, 3*h - 2*q - 9 = 2*h. Determine g(h).
12
Let u(t) = t**2 + 3*t + 3. Let l be u(-3). Let y(j) = -5*j**2 - 13*j + 13. Let x(v) = -3*v**2 - 7*v + 7. Let c(q) = 7*x(q) - 4*y(q). Give c(l).
-3
Suppose 3*s - 15 = -0*s. Let h(p) = -p + 8. Calculate h(s).
3
Let b be 78/15 + 4/(-20). Let z(k) = 3 - 1 - k + 2 - 2. What is z(b)?
-3
Suppose 5*n = -5*o + 5, -n + 5*o + 30 = n. Let d(s) = 2*s**3 - 3 - s**3 - 1 - 5*s**2. Calculate d(n).
-4
Let s be 10/4 - 2/4. Suppose -4 + 6 = -q + 3*b, s*q = 4*b. Suppose 0 = 2*a - 0 - q. Let y(j) = -j**3 + 3*j**2 - 1. Give y(a).
3
Suppose 19 = -t - 0*q - 3*q, -4*t - 21 = q. Let c(m) = -3*m - 4. What is c(t)?
8
Suppose 2*t - 34 = 3*r, 2*r = t - 6*t + 9. Let f = 3 + r. Let j(h) be the first derivative of h**3/3 + 5*h**2/2 + 5*h + 1. Determine j(f).
5
Let u be 15/(-10) + (-14)/(-4). Let h(p) = -8*p + 2. Give h(u).
-14
Suppose -2*v = -5*v. Let n = 2 + v. Suppose 8 = -n*m - 2. Let a(j) = j**2 + 6*j - 2. Determine a(m).
-7
Let x(p) = -13*p**2 + 4*p - 1. Let b = 3 - 1. Let q(s) = 3*s**2 - s. Let t(k) = b*x(k) + 9*q(k). Determine t(2).
0
Let r(x) = x**3 + 3*x**2 - 3*x + 1. Let s = 10 - 6. Suppose -3*a = 2*l - a + s, 5*a = -l + 6. Give r(l).
-3
Let w(c) = -5 + 7*c + 5 + 0. Suppose 0 = 5*q + 2 + 8. Let l be (-1)/((-2)/(1*q)). Determine w(l).
-7
Suppose -4*t + 2 = -3*t. Let x(c) = c**2 - 2*c + 1. Give x(t).
1
Suppose 2*x + 21 = -5*p, -x = -0*x - 3*p - 17. Suppose -u - 5 = -x. Let t(l) = -l - 1. Calculate t(u).
2
Let r(s) = s**3 - 5*s**2 - 3*s + 9. Let o be r(5). Let k(w) be the third derivative of -w**5/60 - w**4/4 - 4*w**2. What is k(o)?
0
Suppose f - 30 = -0*f. Suppose -a - 4*a - f = 0. Let z(q) = q**3 + 6*q**2 - q - 6. What is z(a)?
0
Suppose -4*f - 7 + 35 = 0. Suppose -c - 1 = -f. Let o(t) = -c*t + 3*t + 4 - 2*t + t. Determine o(3).
-8
Let t = -1 + 3. Suppose -24 = 4*h - 4*m, -m + 42 = -t*h - 3*h. Let f = 7 + h. Let d(u) = 3*u + 3. Calculate d(f).
-3
Let p(j) = -j**2 + 6*j - 3. Let z be p(5). Suppose -c = -2*b + 11, -z*b = b - 12. Let u be (c/2)/(2/(-4)). Let t(v) = v**3 - 4*v**2 + v + 2. Calculate t(u).
-4
Let v(h) = -h - 1. Let i(y) = -y - 2. Let g(j) = -i(j) - v(j). Give g(3).
9
Let v(c) = -15*c**2 - 7*c - 5. Let n(y) = -7*y**2 - 4*y - 3. Let i(s) = -7*n(s) + 4*v(s). What is i(1)?
-10
Let r(k) = -2*k - 31. Let t be r(-13). Let d(u) = -3*u - 4. Let z(y) = 3*y + 3 - 2*y + 3*y. Let g(q) = -3*d(q) - 2*z(q). Determine g(t).
1
Suppose 5*l + 2*v + 26 = 0, 0*v - 4*v = -4*l - 32. Let y(o) = -o**2 - 7*o - 9. Determine y(l).
-3
Suppose -11 = 4*o + 5*a, -o - 5*a - 14 = -0*a. Let k(p) be the third derivative of p**4/8 - p**3/6 - 11*p**2. Calculate k(o).
2
Let n(r) = 5*r**2 - 4*r